{"id":1619,"date":"2022-12-21T01:02:48","date_gmt":"2022-12-21T01:02:48","guid":{"rendered":"http:\/\/uckaludovicilolo.com\/?page_id=1619"},"modified":"2023-01-05T03:11:42","modified_gmt":"2023-01-05T03:11:42","slug":"elkano","status":"publish","type":"page","link":"https:\/\/uckaludovicilolo.com\/?page_id=1619","title":{"rendered":"Elkano"},"content":{"rendered":"\n<div class=\"wp-block-group is-layout-constrained wp-block-group-is-layout-constrained\">\n<div class=\"wp-block-cover is-light wp-duotone-000000-00a5ff-1\"><span aria-hidden=\"true\" class=\"wp-block-cover__background has-background-dim\"><\/span><video class=\"wp-block-cover__video-background intrinsic-ignore\" autoplay muted loop playsinline src=\"http:\/\/uckaludovicilolo.com\/wp-content\/uploads\/2022\/12\/732AABCE-FA36-4FC4-94AB-0B2D905629F0.mp4\" data-object-fit=\"cover\"><\/video><div class=\"wp-block-cover__inner-container is-layout-flow wp-block-cover-is-layout-flow\">\n<p class=\"has-drop-cap has-text-align-left has-ast-global-color-5-color has-text-color has-x-large-font-size\">EELKANO<\/p>\n<\/div><\/div>\n<\/div>\n\n\n\n<div class=\"wp-block-media-text alignwide is-stacked-on-mobile\"><figure class=\"wp-block-media-text__media\"><video controls src=\"http:\/\/uckaludovicilolo.com\/wp-content\/uploads\/2022\/12\/732AABCE-FA36-4FC4-94AB-0B2D905629F0.mp4\"><\/video><\/figure><div class=\"wp-block-media-text__content\">\n<p>Sculpture \u00e0 vivre &#8211;<\/p>\n\n\n\n<p>Aluminium, acier inoxydable thermolaqu\u00e9 et corde danoise <\/p>\n\n\n\n<p>L 103 x P 50 x H 86,5 cm . <\/p>\n\n\n\n<p>\u00c9dition limit\u00e9e \u00e0 8 exemplaires + 1 prototype.  <\/p>\n\n\n\n<p> <a href=\"http:\/\/www.editionsducote.com\/fr\/work\/elkano\/\">ELKANO &#8211; \u00c9dition du cot\u00e9<\/a><\/p>\n<\/div><\/div>\n\n\n\n<div class=\"wp-block-group is-layout-constrained wp-block-group-is-layout-constrained\">\n<div class=\"wp-block-media-text alignwide has-media-on-the-right is-stacked-on-mobile\"><div class=\"wp-block-media-text__content\">\n<p>La Sculpture \u00e0 vivre &#8220;Elkano&#8221; est une pi\u00e8ce que j&#8217;ai Design\u00e9 pour la maison d&#8217;\u00e9dition&nbsp;<a href=\"http:\/\/www.editionsducote.com\/fr\/a-propos\/\">&#8220;\u00c9dition du cot\u00e9&#8221; <\/a>sur leur collection &#8220;<a href=\"http:\/\/www.editionsducote.com\/fr\/work\/ucka-ludovic-ilolo\/\">Ondulation<\/a>&#8220;. Cette \u0153uvre s&#8217;appuie sur un de mes th\u00e8mes favoris en Gestelligence, -Le mouvement appel\u00e9 -.<\/p>\n\n\n\n<p>Mouvement dans l\u2019immobilit\u00e9, \u00e9quilibre dans le d\u00e9s\u00e9quilibre, afordance trompeuse, j&#8217;ai voulu cr\u00e9e un objet singulier qui ne se consomme pas mais se rencontre&nbsp;; Un objet qui impose sa pr\u00e9sence d&#8217;abord par le fait qu&#8217;il est une anomalie, un \u00e9quilibre impossible et spectaculaire qui rappelle celui du navigateur et de l&#8217;artiste qui, l&#8217;un comme l&#8217;autre, ne s&#8217;\u00e9quilibrent que dans le mouvement et l&#8217;improbable.<\/p>\n\n\n\n<p>En dessinant ce si\u00e8ge , toute l&#8217;intention, pour moi, \u00e9tait d&#8217;installer l&#8217;utilisateur\/spectateur\u00a0 dans un rapport \u00e0 l&#8217;objet surprenant et intriguant. J&#8217;ai cherch\u00e9 \u00e0 cr\u00e9er des &#8220;bugs&#8221; et des dissonances cognitives pour appuyer l&#8217;id\u00e9e qu&#8217;il reste encore des choses \u00e0 d\u00e9couvrir au-del\u00e0 de ce que nous sommes persuad\u00e9 de savoir d\u00e9j\u00e0. Je souhaitais que la rencontre avec &#8220;Elkano&#8221; soit une exp\u00e9rience qui court-circuite toutes nos attentes et certitudes.<\/p>\n\n\n\n<p><br>Les influences sur cet objet sont le pays Basque et son univers maritime, ainsi que l&#8217;Afrique de l&#8217;ouest, Le Japon, la Scandinavie et Le Br\u00e9sil. Il a mobilis\u00e9 <a href=\"http:\/\/www.editionsducote.com\/fr\/communaute\/\">trois artisans issus du pays basque<\/a> pour sa r\u00e9alisation. Un m\u00e9tallier, un thermolaqueur et un vannier, tous extraordinaires et passionn\u00e9s par l&#8217;id\u00e9e de faire exister cet objet .<\/p>\n\n\n\n<p>Avec Marc-Alexandre Ducot\u00e9, fondateur des &#8220;\u00c9ditions du cot\u00e9&#8221;, nous avons \u00e9chang\u00e9 pendant plus d&#8217;un an et demi autour de ce projet avant de le r\u00e9aliser. Nous parlions de mouvement, d&#8217;ondulation, de l\u00e9gendes et d&#8217;artisanat basques, de Design et de mat\u00e9riaux, mais \u00e9galement des bouleversements soci\u00e9taux et \u00e9cologiques que traversent notre \u00e9poque. Tout cela a fortement nourri ma cr\u00e9ativit\u00e9.<\/p>\n<\/div><figure class=\"wp-block-media-text__media\"><img fetchpriority=\"high\" decoding=\"async\" width=\"828\" height=\"1024\" src=\"http:\/\/uckaludovicilolo.com\/wp-content\/uploads\/2022\/12\/Screenshot-2022-12-21-at-01-43-54-editions-du-cote-@editionsducote-\u2022-Photos-et-videos-Instagram-828x1024.png\" alt=\"\" class=\"wp-image-1612 size-full\" srcset=\"https:\/\/uckaludovicilolo.com\/wp-content\/uploads\/2022\/12\/Screenshot-2022-12-21-at-01-43-54-editions-du-cote-@editionsducote-\u2022-Photos-et-videos-Instagram-828x1024.png 828w, https:\/\/uckaludovicilolo.com\/wp-content\/uploads\/2022\/12\/Screenshot-2022-12-21-at-01-43-54-editions-du-cote-@editionsducote-\u2022-Photos-et-videos-Instagram-243x300.png 243w, https:\/\/uckaludovicilolo.com\/wp-content\/uploads\/2022\/12\/Screenshot-2022-12-21-at-01-43-54-editions-du-cote-@editionsducote-\u2022-Photos-et-videos-Instagram-768x949.png 768w, https:\/\/uckaludovicilolo.com\/wp-content\/uploads\/2022\/12\/Screenshot-2022-12-21-at-01-43-54-editions-du-cote-@editionsducote-\u2022-Photos-et-videos-Instagram-1243x1536.png 1243w, https:\/\/uckaludovicilolo.com\/wp-content\/uploads\/2022\/12\/Screenshot-2022-12-21-at-01-43-54-editions-du-cote-@editionsducote-\u2022-Photos-et-videos-Instagram-1657x2048.png 1657w, https:\/\/uckaludovicilolo.com\/wp-content\/uploads\/2022\/12\/Screenshot-2022-12-21-at-01-43-54-editions-du-cote-@editionsducote-\u2022-Photos-et-videos-Instagram.png 1694w\" sizes=\"(max-width: 828px) 100vw, 828px\" \/><\/figure><\/div>\n<\/div>\n\n\n\n<blockquote class=\"wp-block-quote is-style-large is-layout-flow wp-block-quote-is-layout-flow\">\n<p>Le si\u00e8ge &#8220;Elkano&#8221; est ma tentative de communiquer cette urgence \u00e0 sortir de nos certitudes fig\u00e9es et \u00e0 \u00e9pouser le mouvement et la curiosit\u00e9.<\/p>\n<\/blockquote>\n\n\n\n<div class=\"wp-block-group is-layout-constrained wp-block-group-is-layout-constrained\">\n<div class=\"wp-block-columns is-layout-flex wp-container-core-columns-is-layout-28f84493 wp-block-columns-is-layout-flex\">\n<div class=\"wp-block-column is-layout-flow wp-block-column-is-layout-flow\" style=\"flex-basis:100%\">\n<figure class=\"wp-block-gallery has-nested-images columns-default is-cropped wp-block-gallery-2 is-layout-flex wp-block-gallery-is-layout-flex\">\n<figure class=\"wp-block-image size-large\"><img decoding=\"async\" width=\"1024\" height=\"773\" data-id=\"1675\" src=\"http:\/\/uckaludovicilolo.com\/wp-content\/uploads\/2022\/12\/77D5A473-428F-4A42-B018-62A621552F62-2-6-1024x773.jpg\" alt=\"\" class=\"wp-image-1675\" srcset=\"https:\/\/uckaludovicilolo.com\/wp-content\/uploads\/2022\/12\/77D5A473-428F-4A42-B018-62A621552F62-2-6-1024x773.jpg 1024w, https:\/\/uckaludovicilolo.com\/wp-content\/uploads\/2022\/12\/77D5A473-428F-4A42-B018-62A621552F62-2-6-300x226.jpg 300w, https:\/\/uckaludovicilolo.com\/wp-content\/uploads\/2022\/12\/77D5A473-428F-4A42-B018-62A621552F62-2-6-768x580.jpg 768w, https:\/\/uckaludovicilolo.com\/wp-content\/uploads\/2022\/12\/77D5A473-428F-4A42-B018-62A621552F62-2-6.jpg 1080w\" sizes=\"(max-width: 1024px) 100vw, 1024px\" \/><\/figure>\n\n\n\n<figure class=\"wp-block-image size-large\"><img decoding=\"async\" width=\"1024\" height=\"1024\" data-id=\"1677\" src=\"http:\/\/uckaludovicilolo.com\/wp-content\/uploads\/2022\/12\/IMG_8345-1024x1024.jpg\" alt=\"\" class=\"wp-image-1677\" srcset=\"https:\/\/uckaludovicilolo.com\/wp-content\/uploads\/2022\/12\/IMG_8345-1024x1024.jpg 1024w, https:\/\/uckaludovicilolo.com\/wp-content\/uploads\/2022\/12\/IMG_8345-300x300.jpg 300w, https:\/\/uckaludovicilolo.com\/wp-content\/uploads\/2022\/12\/IMG_8345-150x150.jpg 150w, https:\/\/uckaludovicilolo.com\/wp-content\/uploads\/2022\/12\/IMG_8345-768x768.jpg 768w, https:\/\/uckaludovicilolo.com\/wp-content\/uploads\/2022\/12\/IMG_8345-1536x1536.jpg 1536w, https:\/\/uckaludovicilolo.com\/wp-content\/uploads\/2022\/12\/IMG_8345-2048x2048.jpg 2048w\" sizes=\"(max-width: 1024px) 100vw, 1024px\" \/><\/figure>\n\n\n\n<figure class=\"wp-block-image size-large\"><img loading=\"lazy\" decoding=\"async\" width=\"713\" height=\"714\" data-id=\"1444\" src=\"http:\/\/uckaludovicilolo.com\/wp-content\/uploads\/2022\/04\/B6742C7F-1818-46D1-AD17-1DCCE6BEB5C2-edited.jpeg\" alt=\"\" class=\"wp-image-1444\" srcset=\"https:\/\/uckaludovicilolo.com\/wp-content\/uploads\/2022\/04\/B6742C7F-1818-46D1-AD17-1DCCE6BEB5C2-edited.jpeg 713w, https:\/\/uckaludovicilolo.com\/wp-content\/uploads\/2022\/04\/B6742C7F-1818-46D1-AD17-1DCCE6BEB5C2-edited-300x300.jpeg 300w, https:\/\/uckaludovicilolo.com\/wp-content\/uploads\/2022\/04\/B6742C7F-1818-46D1-AD17-1DCCE6BEB5C2-edited-150x150.jpeg 150w\" sizes=\"(max-width: 713px) 100vw, 713px\" \/><\/figure>\n<\/figure>\n<\/div>\n<\/div>\n<\/div>\n","protected":false},"excerpt":{"rendered":"<p>Sculpture \u00e0 vivre &#8211; Aluminium, acier inoxydable thermolaqu\u00e9 et corde danoise L 103 x P 50 x H 86,5 cm . \u00c9dition limit\u00e9e \u00e0 8 exemplaires + 1 prototype. ELKANO &#8211; \u00c9dition du cot\u00e9 La Sculpture \u00e0 vivre &#8220;Elkano&#8221; est une pi\u00e8ce que j&#8217;ai Design\u00e9 pour la maison d&#8217;\u00e9dition&nbsp;&#8220;\u00c9dition du cot\u00e9&#8221; sur leur collection &#8220;Ondulation&#8220;. [&hellip;]<\/p>\n","protected":false},"author":1,"featured_media":0,"parent":0,"menu_order":0,"comment_status":"closed","ping_status":"closed","template":"","meta":{"om_disable_all_campaigns":false,"_monsterinsights_skip_tracking":false,"_monsterinsights_sitenote_active":false,"_monsterinsights_sitenote_note":"","_monsterinsights_sitenote_category":0,"site-sidebar-layout":"default","site-content-layout":"","ast-site-content-layout":"default","site-content-style":"default","site-sidebar-style":"default","ast-global-header-display":"","ast-banner-title-visibility":"","ast-main-header-display":"","ast-hfb-above-header-display":"","ast-hfb-below-header-display":"","ast-hfb-mobile-header-display":"","site-post-title":"","ast-breadcrumbs-content":"","ast-featured-img":"","footer-sml-layout":"","theme-transparent-header-meta":"","adv-header-id-meta":"","stick-header-meta":"","header-above-stick-meta":"","header-main-stick-meta":"","header-below-stick-meta":"","astra-migrate-meta-layouts":"default","ast-page-background-enabled":"default","ast-page-background-meta":{"desktop":{"background-color":"var(--ast-global-color-4)","background-image":"","background-repeat":"repeat","background-position":"center center","background-size":"auto","background-attachment":"scroll","background-type":"","background-media":"","overlay-type":"","overlay-color":"","overlay-opacity":"","overlay-gradient":""},"tablet":{"background-color":"","background-image":"","background-repeat":"repeat","background-position":"center center","background-size":"auto","background-attachment":"scroll","background-type":"","background-media":"","overlay-type":"","overlay-color":"","overlay-opacity":"","overlay-gradient":""},"mobile":{"background-color":"","background-image":"","background-repeat":"repeat","background-position":"center center","background-size":"auto","background-attachment":"scroll","background-type":"","background-media":"","overlay-type":"","overlay-color":"","overlay-opacity":"","overlay-gradient":""}},"ast-content-background-meta":{"desktop":{"background-color":"var(--ast-global-color-5)","background-image":"","background-repeat":"repeat","background-position":"center center","background-size":"auto","background-attachment":"scroll","background-type":"","background-media":"","overlay-type":"","overlay-color":"","overlay-opacity":"","overlay-gradient":""},"tablet":{"background-color":"var(--ast-global-color-5)","background-image":"","background-repeat":"repeat","background-position":"center center","background-size":"auto","background-attachment":"scroll","background-type":"","background-media":"","overlay-type":"","overlay-color":"","overlay-opacity":"","overlay-gradient":""},"mobile":{"background-color":"var(--ast-global-color-5)","background-image":"","background-repeat":"repeat","background-position":"center center","background-size":"auto","background-attachment":"scroll","background-type":"","background-media":"","overlay-type":"","overlay-color":"","overlay-opacity":"","overlay-gradient":""}},"footnotes":""},"class_list":["post-1619","page","type-page","status-publish","hentry"],"aioseo_notices":[],"_links":{"self":[{"href":"https:\/\/uckaludovicilolo.com\/index.php?rest_route=\/wp\/v2\/pages\/1619","targetHints":{"allow":["GET"]}}],"collection":[{"href":"https:\/\/uckaludovicilolo.com\/index.php?rest_route=\/wp\/v2\/pages"}],"about":[{"href":"https:\/\/uckaludovicilolo.com\/index.php?rest_route=\/wp\/v2\/types\/page"}],"author":[{"embeddable":true,"href":"https:\/\/uckaludovicilolo.com\/index.php?rest_route=\/wp\/v2\/users\/1"}],"replies":[{"embeddable":true,"href":"https:\/\/uckaludovicilolo.com\/index.php?rest_route=%2Fwp%2Fv2%2Fcomments&post=1619"}],"version-history":[{"count":25,"href":"https:\/\/uckaludovicilolo.com\/index.php?rest_route=\/wp\/v2\/pages\/1619\/revisions"}],"predecessor-version":[{"id":1715,"href":"https:\/\/uckaludovicilolo.com\/index.php?rest_route=\/wp\/v2\/pages\/1619\/revisions\/1715"}],"wp:attachment":[{"href":"https:\/\/uckaludovicilolo.com\/index.php?rest_route=%2Fwp%2Fv2%2Fmedia&parent=1619"}],"curies":[{"name":"wp","href":"https:\/\/api.w.org\/{rel}","templated":true}]}}